ousands digit of 114403082?
0
What is the hundred millions digit of 101471606?
1
What is the hundred thousands digit of 1068541331?
5
What is the millions digit of 83814909?
3
What is the thousands digit of 144986307?
6
What is the hundreds digit of 309160840?
8
What is the units digit of 419134272?
2
What is the hundred thousands digit of 147916108?
9
What is the hundreds digit of 301199723?
7
What is the thousands digit of 3525890172?
0
What is the units digit of 21724449?
9
What is the thousands digit of 69132148?
2
What is the units digit of 1650895219?
9
What is the units digit of 1015132848?
8
What is the ten millions digit of 268752481?
6
What is the hundred millions digit of 3834646710?
8
What is the hundreds digit of 233216237?
2
What is the ten millions digit of 43810975?
4
What is the thousands digit of 8365759?
5
What is the billions digit of 1377510532?
1
What is the tens digit of 2230172474?
7
What is the hundred thousands digit of 2201219558?
2
What is the ten millions digit of 74830485?
7
What is the hundred millions digit of 125482021?
1
What is the millions digit of 16451960?
6
What is the ten thousands digit of 84164618?
6
What is the hundreds digit of 10076121?
1
What is the units digit of 1540075852?
2
What is the ten thousands digit of 96121508?
2
What is the hundred thousands digit of 1148486168?
4
What is the thousands digit of 52421381?
1
What is the hundreds digit of 973921903?
9
What is the thousands digit of 2945390641?
0
What is the units digit of 38601325?
5
What is the ten thousands digit of 330412830?
1
What is the ten millions digit of 205005544?
0
What is the ten thousands digit of 13274142?
7
What is the tens digit of 84436286?
8
What is the tens digit of 161519861?
6
What is the millions digit of 1195612334?
5
What is the tens digit of 1840909734?
3
What is the millions digit of 679648589?
9
What is the ten millions digit of 7982517424?
8
What is the units digit of 5097397?
7
What is the hundreds digit of 46947776?
7
What is the thousands digit of 5380985?
0
What is the ten millions digit of 272001041?
7
What is the hundreds digit of 191686049?
0
What is the hundreds digit of 47881766?
7
What is the ten thousands digit of 447518390?
1
What is the hundred millions digit of 2405384196?
4
What is the ten millions digit of 289491125?
8
What is the hundreds digit of 475269169?
1
What is the millions digit of 19268096?
9
What is the hundred thousands digit of 15168589?
1
What is the hundred thousands digit of 49841565?
8
What is the billions digit of 1925842636?
1
What is the thousands digit of 126079504?
9
What is the units digit of 574699617?
7
What is the ten thousands digit of 1002529555?
2
What is the millions digit of 3666121682?
6
What is the tens digit of 92314384?
8
What is the thousands digit of 475829077?
9
What is the hundred thousands digit of 291416676?
4
What is the thousands digit of 68954659?
4
What is the ten millions digit of 115680914?
1
What is the ten millions digit of 756121588?
5
What is the hundred millions digit of 335073168?
3
What is the tens digit of 623971980?
8
What is the thousands digit of 32948304?
8
What is the hundred millions digit of 212335873?
2
What is the hundreds digit of 58450376?
3
What is the units digit of 53147853?
3
What is the units digit of 20156527?
7
What is the ten millions digit of 36684825?
3
What is the hundred millions digit of 147109257?
1
What is the millions digit of 81128581?
1
What is the ten millions digit of 310575739?
1
What is the tens digit of 12715969?
6
What is the thousands digit of 399385894?
5
What is the millions digit of 1522700832?
2
What is the billions digit of 6094478645?
6
What is the millions digit of 68947466?
8
What is the thousands digit of 44314058?
4
What is the hundred thousands digit of 168204022?
2
What is the ten thousands digit of 62158736?
5
What is the millions digit of 210428970?
0
What is the tens digit of 9006457?
5
What is the millions digit of 34384695?
4
What is the hundreds digit of 519993920?
9
What is the ten millions digit of 46485702?
4
What is the hundred millions digit of 224200368?
2
What is the units digit of 7437565645?
5
What is the ten thousands digit of 1578951957?
5
What is the billions digit of 4860582680?
4
What is the ten thousands digit of 172040997?
4
What is the ten millions digit of 140996501?
4
What is the ten thousands digit of 584127398?
2
What is the tens digit of 958785936?
3
What is the tens digit of 69017638?
3
What is the hundred millions digit of 1003311777?
0
What is the ten millions digit of 96705333?
9
What is the ten thousands digit of 40993327?
9
What is the tens digit of 3103248171?
7
What is the ten millions digit of 96743959?
9
What is the ten millions digit of 180579883?
8
What is the millions digit of 2135683795?
5
What is the ten thousands digit of 114423587?
2
What is the hundred millions digit of 410447487?
4
What is the hundred thousands digit of 55218274?
2
What is the millions digit of 2304534558?
4
What is the hundred millions digit of 298123193?
2
What is the ten thousands digit of 834344855?
4
What is the thousands digit of 1033022343?
2
What is the hundreds digit of 54140637?
6
What is the hundred thousands digit of 37541234?
5
What is the hundreds digit of 2195298872?
8
What is the units digit of 1275106803?
3
What is the ten thousands digit of 220929101?
2
What is the units digit of 480083293?
3
What is the millions digit of 12410338?
2
What is the ten millions digit of 927599991?
2
What is the millions digit of 8536867?
8
What is the hundred thousands digit of 79334458?
3
What is the tens digit of 8611832754?
5
What is the ten millions digit of 247567033?
4
What is the hundreds digit of 125213622?
6
What is the hundreds digit of 464262328?
3
What is the tens digit of 76479914?
1
What is the hundreds digit of 916641226?
2
What is the millions digit of 32068060?
2
What is the tens digit of 1708868667?
6
What is the thousands digit of 2910081998?
1
What is the units digit of 1102607842?
2
What is the tens digit of 385884188?
8
What is the ten millions digit of 640840866?
4
What is the hundreds digit of 156924446?
4
What is the ten thousands digit of 642047435?
4
What is the ten thousands digit of 74180336?
8
What is the tens digit of 1633709185?
8
What is the ten thousands digit of 18970844?
7
What is the ten thousands digit of 923186659?
8
What is the tens digit of 1659499138?
3
What is the hundred thousands digit of 9892008?
8
What is the hundred millions digit of 1145368694?
1
What is the thousands digit of 139034743?
4
What is the millions digit of 21655618?
1
What is the ten thousands digit of 2854069504?
6
What is the hundreds digit of 1438988668?
6
What is the hundred millions digit of 127193870?
1
What is the hundreds digit of 203065401?
4
What is the billions digit of 1508295100?
1
What is the tens digit of 81401699?
9
What is the hundred millions digit of 138876984?
1
What is the tens digit of 103770999?
9
What is the thousands digit of 218124405?
4
What is the ten thousands digit of 48942267?
4
What is the hundred millions digit of 1324776630?
3
What is the units digit of 35294567?
7
What is the hundreds digit of 6063138749?
7
What is the hundred millions digit of 3978374406?
9
What is the billions digit of 4931589885?
4
What is the hundreds digit of 91741134?
1
What is the thousands digit of 40374351?
4
What is the hundred thousands digit of 799101027?
1
What is the units digit of 1278336711?
1
What is the hundred millions digit of 292689860?
2
What is the ten thousands digit of 42025343?
2
What is the units digit of 51908063?
3
What is the hundreds digit of 34646214?
2
What is the ten thousands digit of 1442468459?
6
What is the ten millions digit of 1149778810?
4
What is the ten millions digit of 183616148?
8
What is the hundred thousands digit of 102117350?
1
What is the units digit of 91884967?
7
What is the units digit of 18657603?
3
What is the billions digit of 1520757373?
1
What is the hundreds digit of 30559763?
7
What is the ten millions digit of 801847055?
0
What is the ten thousands digit of 2126951?
2
What is the ten millions digit of 44111307?
4
What is the ten thousands digit of 44980561?
8
What is the ten thousands digit of 2999890486?
